{"id":158,"date":"2020-07-20T07:21:18","date_gmt":"2020-07-20T07:21:18","guid":{"rendered":"http:\/\/anhsinhbinhdinh.com.vn\/wp\/?page_id=158"},"modified":"2020-10-06T09:38:32","modified_gmt":"2020-10-06T09:38:32","slug":"lien-he","status":"publish","type":"page","link":"https:\/\/anhsinhbinhdinh.com.vn\/?page_id=158","title":{"rendered":"Li\u00ean h\u1ec7"},"content":{"rendered":"\t\t<div data-elementor-type=\"wp-page\" data-elementor-id=\"158\" class=\"elementor elementor-158\" data-elementor-settings=\"[]\">\n\t\t\t\t\t\t<div class=\"elementor-inner\">\n\t\t\t\t\t\t\t<div class=\"elementor-section-wrap\">\n\t\t\t\t\t\t\t<section class=\"elementor-section elementor-top-section elementor-element elementor-element-6c3bcd9f elementor-section-boxed elementor-section-height-default elementor-section-height-default\" data-id=\"6c3bcd9f\" data-element_type=\"section\" data-settings=\"{&quot;background_background&quot;:&quot;classic&quot;,&quot;ekit_has_onepagescroll_dot&quot;:&quot;yes&quot;}\">\n\t\t\t\t\t\t<div class=\"elementor-container elementor-column-gap-default\">\n\t\t\t\t\t\t\t<div class=\"elementor-row\">\n\t\t\t\t\t<div class=\"elementor-column elementor-col-100 elementor-top-column elementor-element elementor-element-e06a5ec\" data-id=\"e06a5ec\" data-element_type=\"column\">\n\t\t\t<div class=\"elementor-column-wrap elementor-element-populated\">\n\t\t\t\t\t\t\t<div class=\"elementor-widget-wrap\">\n\t\t\t\t\t\t<section class=\"elementor-section elementor-inner-section elementor-element elementor-element-16d0ebdc elementor-section-boxed elementor-section-height-default elementor-section-height-default\" data-id=\"16d0ebdc\" data-element_type=\"section\" data-settings=\"{&quot;ekit_has_onepagescroll_dot&quot;:&quot;yes&quot;}\">\n\t\t\t\t\t\t<div class=\"elementor-container elementor-column-gap-default\">\n\t\t\t\t\t\t\t<div class=\"elementor-row\">\n\t\t\t\t\t<div class=\"elementor-column elementor-col-100 elementor-inner-column elementor-element elementor-element-d0e80c2\" data-id=\"d0e80c2\" data-element_type=\"column\">\n\t\t\t<div class=\"elementor-column-wrap elementor-element-populated\">\n\t\t\t\t\t\t\t<div class=\"elementor-widget-wrap\">\n\t\t\t\t\t\t<div class=\"elementor-element elementor-element-68814504 elementor-widget elementor-widget-elementskit-heading\" data-id=\"68814504\" data-element_type=\"widget\" data-widget_type=\"elementskit-heading.default\">\n\t\t\t\t<div class=\"elementor-widget-container\">\n\t\t\t<div class=\"ekit-wid-con\" ><div class=\"ekit-heading elementskit-section-title-wraper center   ekit_heading_tablet-   ekit_heading_mobile-\"><h2 class=\"ekit-heading--title elementskit-section-title \">\n\t\t\t\t\t\u0110\u1ecba \u0111i\u1ec3m li\u00ean h\u1ec7\n\t\t\t\t<\/h2>\t\t\t\t<div class='ekit-heading__description'>\n\t\t\t\t\t<p>Qu\u00fd kh\u00e1ch c\u00f3 nhu c\u1ea7u v\u1ec1 ngu\u1ed3n v\u1eadt li\u1ec7u cho c\u00e1c c\u00f4ng tr\u00ecnh x\u00e2y d\u1ef1ng tr\u00ean \u0111\u1ecba b\u00e0n B\u00ecnh \u0110\u1ecbnh, vui l\u00f2ng li\u00ean h\u1ec7 c\u00f4ng ty \u00c1nh Sinh<\/p>\n\t\t\t\t<\/div>\n\t\t\t<\/div><\/div>\t\t<\/div>\n\t\t\t\t<\/div>\n\t\t\t\t\t\t<\/div>\n\t\t\t\t\t<\/div>\n\t\t<\/div>\n\t\t\t\t\t\t\t\t<\/div>\n\t\t\t\t\t<\/div>\n\t\t<\/section>\n\t\t\t\t<section class=\"elementor-section elementor-inner-section elementor-element elementor-element-38f9d76f elementor-section-boxed elementor-section-height-default elementor-section-height-default\" data-id=\"38f9d76f\" data-element_type=\"section\" data-settings=\"{&quot;ekit_has_onepagescroll_dot&quot;:&quot;yes&quot;}\">\n\t\t\t\t\t\t<div class=\"elementor-container elementor-column-gap-default\">\n\t\t\t\t\t\t\t<div class=\"elementor-row\">\n\t\t\t\t\t<div class=\"elementor-column elementor-col-33 elementor-inner-column elementor-element elementor-element-69dad477\" data-id=\"69dad477\" data-element_type=\"column\">\n\t\t\t<div class=\"elementor-column-wrap elementor-element-populated\">\n\t\t\t\t\t\t\t<div class=\"elementor-widget-wrap\">\n\t\t\t\t\t\t<div class=\"elementor-element elementor-element-21022d1e elementor-widget elementor-widget-image\" data-id=\"21022d1e\" data-element_type=\"widget\" data-widget_type=\"image.default\">\n\t\t\t\t<div class=\"elementor-widget-container\">\n\t\t\t\t\t<div class=\"elementor-image\">\n\t\t\t\t\t\t\t\t\t\t<img width=\"448\" height=\"299\" src=\"https:\/\/anhsinhbinhdinh.com.vn\/wp-content\/uploads\/2020\/07\/\u1ea3nh-b\u00eca-1.jpg\" class=\"attachment-full size-full\" alt=\"\" loading=\"lazy\" srcset=\"https:\/\/anhsinhbinhdinh.com.vn\/wp-content\/uploads\/2020\/07\/\u1ea3nh-b\u00eca-1.jpg 448w, https:\/\/anhsinhbinhdinh.com.vn\/wp-content\/uploads\/2020\/07\/\u1ea3nh-b\u00eca-1-300x200.jpg 300w\" sizes=\"(max-width: 448px) 100vw, 448px\" \/>\t\t\t\t\t\t\t\t\t\t\t<\/div>\n\t\t\t\t<\/div>\n\t\t\t\t<\/div>\n\t\t\t\t<div class=\"elementor-element elementor-element-3059e49c elementor-widget elementor-widget-elementskit-heading\" data-id=\"3059e49c\" data-element_type=\"widget\" data-widget_type=\"elementskit-heading.default\">\n\t\t\t\t<div class=\"elementor-widget-container\">\n\t\t\t<div class=\"ekit-wid-con\" ><div class=\"ekit-heading elementskit-section-title-wraper text_left   ekit_heading_tablet-   ekit_heading_mobile-\"><h2 class=\"ekit-heading--title elementskit-section-title \">\n\t\t\t\t\tM\u1ecf \u0111\u00e1  S\u01a1n Tri\u1ec1u\n\t\t\t\t<\/h2><\/div><\/div>\t\t<\/div>\n\t\t\t\t<\/div>\n\t\t\t\t<div class=\"elementor-element elementor-element-f471e9d elementor-icon-list--layout-traditional elementor-list-item-link-full_width elementor-widget elementor-widget-icon-list\" data-id=\"f471e9d\" data-element_type=\"widget\" data-widget_type=\"icon-list.default\">\n\t\t\t\t<div class=\"elementor-widget-container\">\n\t\t\t\t\t<ul class=\"elementor-icon-list-items\">\n\t\t\t\t\t\t\t<li class=\"elementor-icon-list-item\">\n\t\t\t\t\t\t\t\t\t\t\t<span class=\"elementor-icon-list-icon\">\n\t\t\t\t\t\t\t<i aria-hidden=\"true\" class=\"fas fa-map-marker-alt\"><\/i>\t\t\t\t\t\t<\/span>\n\t\t\t\t\t\t\t\t\t\t<span class=\"elementor-icon-list-text\">QL 19, \u0110\u01b0\u1eddng Bi\u00ean C\u01b0\u01a1ng, KV T\u00e2n H\u00f2a, Ph\u01b0\u1eddng Nh\u01a1n H\u00f2a, TX. An Nh\u01a1n, T\u1ec9nh B\u00ecnh \u0110\u1ecbnh <\/span>\n\t\t\t\t\t\t\t\t\t<\/li>\n\t\t\t\t\t\t\t\t<li class=\"elementor-icon-list-item\">\n\t\t\t\t\t\t\t\t\t\t\t<span class=\"elementor-icon-list-icon\">\n\t\t\t\t\t\t\t<i aria-hidden=\"true\" class=\"fas fa-phone\"><\/i>\t\t\t\t\t\t<\/span>\n\t\t\t\t\t\t\t\t\t\t<span class=\"elementor-icon-list-text\">091 5850 666 - 0984 440 140<\/span>\n\t\t\t\t\t\t\t\t\t<\/li>\n\t\t\t\t\t\t\t\t<li class=\"elementor-icon-list-item\">\n\t\t\t\t\t\t\t\t\t\t\t<span class=\"elementor-icon-list-icon\">\n\t\t\t\t\t\t\t<i aria-hidden=\"true\" class=\"far fa-envelope\"><\/i>\t\t\t\t\t\t<\/span>\n\t\t\t\t\t\t\t\t\t\t<span class=\"elementor-icon-list-text\">congtyanhsinh2020@gmail.com<\/span>\n\t\t\t\t\t\t\t\t\t<\/li>\n\t\t\t\t\t\t<\/ul>\n\t\t\t\t<\/div>\n\t\t\t\t<\/div>\n\t\t\t\t\t\t<\/div>\n\t\t\t\t\t<\/div>\n\t\t<\/div>\n\t\t\t\t<div class=\"elementor-column elementor-col-33 elementor-inner-column elementor-element elementor-element-4db7eff8\" data-id=\"4db7eff8\" data-element_type=\"column\">\n\t\t\t<div class=\"elementor-column-wrap elementor-element-populated\">\n\t\t\t\t\t\t\t<div class=\"elementor-widget-wrap\">\n\t\t\t\t\t\t<div class=\"elementor-element elementor-element-32eb8a3c elementor-widget elementor-widget-image\" data-id=\"32eb8a3c\" data-element_type=\"widget\" data-widget_type=\"image.default\">\n\t\t\t\t<div class=\"elementor-widget-container\">\n\t\t\t\t\t<div class=\"elementor-image\">\n\t\t\t\t\t\t\t\t\t\t<img width=\"448\" height=\"299\" src=\"https:\/\/anhsinhbinhdinh.com.vn\/wp-content\/uploads\/2020\/07\/\u1ea3nh-b\u00eca-4.jpg\" class=\"attachment-large size-large\" alt=\"\" loading=\"lazy\" srcset=\"https:\/\/anhsinhbinhdinh.com.vn\/wp-content\/uploads\/2020\/07\/\u1ea3nh-b\u00eca-4.jpg 448w, https:\/\/anhsinhbinhdinh.com.vn\/wp-content\/uploads\/2020\/07\/\u1ea3nh-b\u00eca-4-300x200.jpg 300w\" sizes=\"(max-width: 448px) 100vw, 448px\" \/>\t\t\t\t\t\t\t\t\t\t\t<\/div>\n\t\t\t\t<\/div>\n\t\t\t\t<\/div>\n\t\t\t\t<div class=\"elementor-element elementor-element-56519c1b elementor-widget elementor-widget-elementskit-heading\" data-id=\"56519c1b\" data-element_type=\"widget\" data-widget_type=\"elementskit-heading.default\">\n\t\t\t\t<div class=\"elementor-widget-container\">\n\t\t\t<div class=\"ekit-wid-con\" ><div class=\"ekit-heading elementskit-section-title-wraper text_left   ekit_heading_tablet-   ekit_heading_mobile-\"><h2 class=\"ekit-heading--title elementskit-section-title \">\n\t\t\t\t\tNh\u00e0 m\u00e1y \u0111\u00e1 \n\t\t\t\t<\/h2><\/div><\/div>\t\t<\/div>\n\t\t\t\t<\/div>\n\t\t\t\t<div class=\"elementor-element elementor-element-469c00ea elementor-icon-list--layout-traditional elementor-list-item-link-full_width elementor-widget elementor-widget-icon-list\" data-id=\"469c00ea\" data-element_type=\"widget\" data-widget_type=\"icon-list.default\">\n\t\t\t\t<div class=\"elementor-widget-container\">\n\t\t\t\t\t<ul class=\"elementor-icon-list-items\">\n\t\t\t\t\t\t\t<li class=\"elementor-icon-list-item\">\n\t\t\t\t\t\t\t\t\t\t\t<span class=\"elementor-icon-list-icon\">\n\t\t\t\t\t\t\t<i aria-hidden=\"true\" class=\"fas fa-map-marker-alt\"><\/i>\t\t\t\t\t\t<\/span>\n\t\t\t\t\t\t\t\t\t\t<span class=\"elementor-icon-list-text\">QL 19, \u0110\u01b0\u1eddng Bi\u00ean C\u01b0\u01a1ng, KV T\u00e2n H\u00f2a, Ph\u01b0\u1eddng Nh\u01a1n H\u00f2a, TX. An Nh\u01a1n, T\u1ec9nh B\u00ecnh \u0110\u1ecbnh <\/span>\n\t\t\t\t\t\t\t\t\t<\/li>\n\t\t\t\t\t\t\t\t<li class=\"elementor-icon-list-item\">\n\t\t\t\t\t\t\t\t\t\t\t<span class=\"elementor-icon-list-icon\">\n\t\t\t\t\t\t\t<i aria-hidden=\"true\" class=\"fas fa-phone\"><\/i>\t\t\t\t\t\t<\/span>\n\t\t\t\t\t\t\t\t\t\t<span class=\"elementor-icon-list-text\">091 5850 666 - 0984 440 140<\/span>\n\t\t\t\t\t\t\t\t\t<\/li>\n\t\t\t\t\t\t\t\t<li class=\"elementor-icon-list-item\">\n\t\t\t\t\t\t\t\t\t\t\t<span class=\"elementor-icon-list-icon\">\n\t\t\t\t\t\t\t<i aria-hidden=\"true\" class=\"far fa-envelope\"><\/i>\t\t\t\t\t\t<\/span>\n\t\t\t\t\t\t\t\t\t\t<span class=\"elementor-icon-list-text\">congtyanhsinh2020@gmail.com<\/span>\n\t\t\t\t\t\t\t\t\t<\/li>\n\t\t\t\t\t\t<\/ul>\n\t\t\t\t<\/div>\n\t\t\t\t<\/div>\n\t\t\t\t\t\t<\/div>\n\t\t\t\t\t<\/div>\n\t\t<\/div>\n\t\t\t\t<div class=\"elementor-column elementor-col-33 elementor-inner-column elementor-element elementor-element-12b64870\" data-id=\"12b64870\" data-element_type=\"column\">\n\t\t\t<div class=\"elementor-column-wrap elementor-element-populated\">\n\t\t\t\t\t\t\t<div class=\"elementor-widget-wrap\">\n\t\t\t\t\t\t<div class=\"elementor-element elementor-element-4f15b56f elementor-widget elementor-widget-image\" data-id=\"4f15b56f\" data-element_type=\"widget\" data-widget_type=\"image.default\">\n\t\t\t\t<div class=\"elementor-widget-container\">\n\t\t\t\t\t<div class=\"elementor-image\">\n\t\t\t\t\t\t\t\t\t\t<img width=\"448\" height=\"299\" src=\"https:\/\/anhsinhbinhdinh.com.vn\/wp-content\/uploads\/2020\/07\/anh-1.jpg\" class=\"attachment-full size-full\" alt=\"\" loading=\"lazy\" srcset=\"https:\/\/anhsinhbinhdinh.com.vn\/wp-content\/uploads\/2020\/07\/anh-1.jpg 448w, https:\/\/anhsinhbinhdinh.com.vn\/wp-content\/uploads\/2020\/07\/anh-1-300x200.jpg 300w\" sizes=\"(max-width: 448px) 100vw, 448px\" \/>\t\t\t\t\t\t\t\t\t\t\t<\/div>\n\t\t\t\t<\/div>\n\t\t\t\t<\/div>\n\t\t\t\t<div class=\"elementor-element elementor-element-538041b2 elementor-widget elementor-widget-elementskit-heading\" data-id=\"538041b2\" data-element_type=\"widget\" data-widget_type=\"elementskit-heading.default\">\n\t\t\t\t<div class=\"elementor-widget-container\">\n\t\t\t<div class=\"ekit-wid-con\" ><div class=\"ekit-heading elementskit-section-title-wraper text_left   ekit_heading_tablet-   ekit_heading_mobile-\"><h2 class=\"ekit-heading--title elementskit-section-title \">\n\t\t\t\t\tNh\u00e0 m\u00e1y g\u1ea1ch\n\t\t\t\t<\/h2><\/div><\/div>\t\t<\/div>\n\t\t\t\t<\/div>\n\t\t\t\t<div class=\"elementor-element elementor-element-26e93483 elementor-icon-list--layout-traditional elementor-list-item-link-full_width elementor-widget elementor-widget-icon-list\" data-id=\"26e93483\" data-element_type=\"widget\" data-widget_type=\"icon-list.default\">\n\t\t\t\t<div class=\"elementor-widget-container\">\n\t\t\t\t\t<ul class=\"elementor-icon-list-items\">\n\t\t\t\t\t\t\t<li class=\"elementor-icon-list-item\">\n\t\t\t\t\t\t\t\t\t\t\t<span class=\"elementor-icon-list-icon\">\n\t\t\t\t\t\t\t<i aria-hidden=\"true\" class=\"fas fa-map-marker-alt\"><\/i>\t\t\t\t\t\t<\/span>\n\t\t\t\t\t\t\t\t\t\t<span class=\"elementor-icon-list-text\">QL 19, \u0110\u01b0\u1eddng Bi\u00ean C\u01b0\u01a1ng, KV T\u00e2n H\u00f2a, Ph\u01b0\u1eddng Nh\u01a1n H\u00f2a, TX. An Nh\u01a1n, T\u1ec9nh B\u00ecnh \u0110\u1ecbnh <\/span>\n\t\t\t\t\t\t\t\t\t<\/li>\n\t\t\t\t\t\t\t\t<li class=\"elementor-icon-list-item\">\n\t\t\t\t\t\t\t\t\t\t\t<span class=\"elementor-icon-list-icon\">\n\t\t\t\t\t\t\t<i aria-hidden=\"true\" class=\"fas fa-phone\"><\/i>\t\t\t\t\t\t<\/span>\n\t\t\t\t\t\t\t\t\t\t<span class=\"elementor-icon-list-text\">091 5850 666 - 0984 440 140<\/span>\n\t\t\t\t\t\t\t\t\t<\/li>\n\t\t\t\t\t\t\t\t<li class=\"elementor-icon-list-item\">\n\t\t\t\t\t\t\t\t\t\t\t<span class=\"elementor-icon-list-icon\">\n\t\t\t\t\t\t\t<i aria-hidden=\"true\" class=\"far fa-envelope\"><\/i>\t\t\t\t\t\t<\/span>\n\t\t\t\t\t\t\t\t\t\t<span class=\"elementor-icon-list-text\">congtyanhsinh2020@gmail.com<\/span>\n\t\t\t\t\t\t\t\t\t<\/li>\n\t\t\t\t\t\t<\/ul>\n\t\t\t\t<\/div>\n\t\t\t\t<\/div>\n\t\t\t\t\t\t<\/div>\n\t\t\t\t\t<\/div>\n\t\t<\/div>\n\t\t\t\t\t\t\t\t<\/div>\n\t\t\t\t\t<\/div>\n\t\t<\/section>\n\t\t\t\t\t\t<\/div>\n\t\t\t\t\t<\/div>\n\t\t<\/div>\n\t\t\t\t\t\t\t\t<\/div>\n\t\t\t\t\t<\/div>\n\t\t<\/section>\n\t\t\t\t<section class=\"elementor-section elementor-top-section elementor-element elementor-element-32cf16cf elementor-section-full_width elementor-section-height-default elementor-section-height-default\" data-id=\"32cf16cf\" data-element_type=\"section\" data-settings=\"{&quot;ekit_has_onepagescroll_dot&quot;:&quot;yes&quot;}\">\n\t\t\t\t\t\t<div class=\"elementor-container elementor-column-gap-no\">\n\t\t\t\t\t\t\t<div class=\"elementor-row\">\n\t\t\t\t\t<div class=\"elementor-column elementor-col-100 elementor-top-column elementor-element elementor-element-78898a52\" data-id=\"78898a52\" data-element_type=\"column\">\n\t\t\t<div class=\"elementor-column-wrap elementor-element-populated\">\n\t\t\t\t\t\t\t<div class=\"elementor-widget-wrap\">\n\t\t\t\t\t\t<div class=\"elementor-element elementor-element-4556e1d7 elementor-widget elementor-widget-google_maps\" data-id=\"4556e1d7\" data-element_type=\"widget\" data-widget_type=\"google_maps.default\">\n\t\t\t\t<div class=\"elementor-widget-container\">\n\t\t\t<div class=\"elementor-custom-embed\"><iframe frameborder=\"0\" scrolling=\"no\" marginheight=\"0\" marginwidth=\"0\" src=\"https:\/\/maps.google.com\/maps?q=c%C3%B4ng%20ty%20tnhh%20khai%20th%C3%A1c%20%C4%91%C3%A1%20v%C3%A0%20x%C3%A2y%20d%E1%BB%B1ng%20%C3%A1nh%20sinh&amp;t=m&amp;z=10&amp;output=embed&amp;iwloc=near\" title=\"c\u00f4ng ty tnhh khai th\u00e1c \u0111\u00e1 v\u00e0 x\u00e2y d\u1ef1ng \u00e1nh sinh\" aria-label=\"c\u00f4ng ty tnhh khai th\u00e1c \u0111\u00e1 v\u00e0 x\u00e2y d\u1ef1ng \u00e1nh sinh\"><\/iframe><\/div>\t\t<\/div>\n\t\t\t\t<\/div>\n\t\t\t\t\t\t<\/div>\n\t\t\t\t\t<\/div>\n\t\t<\/div>\n\t\t\t\t\t\t\t\t<\/div>\n\t\t\t\t\t<\/div>\n\t\t<\/section>\n\t\t\t\t<section class=\"elementor-section elementor-top-section elementor-element elementor-element-24af5346 elementor-section-boxed elementor-section-height-default elementor-section-height-default\" data-id=\"24af5346\" data-element_type=\"section\" data-settings=\"{&quot;ekit_has_onepagescroll_dot&quot;:&quot;yes&quot;}\">\n\t\t\t\t\t\t<div class=\"elementor-container elementor-column-gap-default\">\n\t\t\t\t\t\t\t<div class=\"elementor-row\">\n\t\t\t\t\t<div class=\"elementor-column elementor-col-100 elementor-top-column elementor-element elementor-element-23652b8c\" data-id=\"23652b8c\" data-element_type=\"column\">\n\t\t\t<div class=\"elementor-column-wrap elementor-element-populated\">\n\t\t\t\t\t\t\t<div class=\"elementor-widget-wrap\">\n\t\t\t\t\t\t<section class=\"elementor-section elementor-inner-section elementor-element elementor-element-9154fc2 elementor-section-boxed elementor-section-height-default elementor-section-height-default\" data-id=\"9154fc2\" data-element_type=\"section\" data-settings=\"{&quot;ekit_has_onepagescroll_dot&quot;:&quot;yes&quot;}\">\n\t\t\t\t\t\t<div class=\"elementor-container elementor-column-gap-default\">\n\t\t\t\t\t\t\t<div class=\"elementor-row\">\n\t\t\t\t\t<div class=\"elementor-column elementor-col-33 elementor-inner-column elementor-element elementor-element-6702016e\" data-id=\"6702016e\" data-element_type=\"column\">\n\t\t\t<div class=\"elementor-column-wrap\">\n\t\t\t\t\t\t\t<div class=\"elementor-widget-wrap\">\n\t\t\t\t\t\t\t\t<\/div>\n\t\t\t\t\t<\/div>\n\t\t<\/div>\n\t\t\t\t<div class=\"elementor-column elementor-col-33 elementor-inner-column elementor-element elementor-element-5c2eeed1\" data-id=\"5c2eeed1\" data-element_type=\"column\">\n\t\t\t<div class=\"elementor-column-wrap elementor-element-populated\">\n\t\t\t\t\t\t\t<div class=\"elementor-widget-wrap\">\n\t\t\t\t\t\t<div class=\"elementor-element elementor-element-4951bada elementor-widget elementor-widget-elementskit-heading\" data-id=\"4951bada\" data-element_type=\"widget\" data-widget_type=\"elementskit-heading.default\">\n\t\t\t\t<div class=\"elementor-widget-container\">\n\t\t\t<div class=\"ekit-wid-con\" ><div class=\"ekit-heading elementskit-section-title-wraper center   ekit_heading_tablet-   ekit_heading_mobile-\"><h2 class=\"ekit-heading--title elementskit-section-title \">\n\t\t\t\t\tH\u00e3y \u0111\u1ec3 l\u1ea1i th\u00f4ng tin cho ch\u00fang t\u00f4i\n\t\t\t\t<\/h2>\t\t\t\t<div class='ekit-heading__description'>\n\t\t\t\t\t<p>H\u00e3y \u0111\u1ec3 l\u1ea1i th\u00f4ng tin c\u1ee7a b\u1ea1n, ch\u00fang t\u00f4i s\u1ebd li\u00ean h\u1ec7 v\u1edbi b\u1ea1n<\/p>\n\t\t\t\t<\/div>\n\t\t\t<\/div><\/div>\t\t<\/div>\n\t\t\t\t<\/div>\n\t\t\t\t\t\t<\/div>\n\t\t\t\t\t<\/div>\n\t\t<\/div>\n\t\t\t\t<div class=\"elementor-column elementor-col-33 elementor-inner-column elementor-element elementor-element-36459e92\" data-id=\"36459e92\" data-element_type=\"column\">\n\t\t\t<div class=\"elementor-column-wrap\">\n\t\t\t\t\t\t\t<div class=\"elementor-widget-wrap\">\n\t\t\t\t\t\t\t\t<\/div>\n\t\t\t\t\t<\/div>\n\t\t<\/div>\n\t\t\t\t\t\t\t\t<\/div>\n\t\t\t\t\t<\/div>\n\t\t<\/section>\n\t\t\t\t\t\t<\/div>\n\t\t\t\t\t<\/div>\n\t\t<\/div>\n\t\t\t\t\t\t\t\t<\/div>\n\t\t\t\t\t<\/div>\n\t\t<\/section>\n\t\t\t\t\t\t<\/div>\n\t\t\t\t\t\t<\/div>\n\t\t\t\t\t<\/div>\n\t\t","protected":false},"excerpt":{"rendered":"<p>\u0110\u1ecba \u0111i\u1ec3m li\u00ean h\u1ec7 Qu\u00fd kh\u00e1ch c\u00f3 nhu c\u1ea7u v\u1ec1 ngu\u1ed3n v\u1eadt li\u1ec7u cho c\u00e1c c\u00f4ng tr\u00ecnh x\u00e2y d\u1ef1ng tr\u00ean \u0111\u1ecba b\u00e0n B\u00ecnh \u0110\u1ecbnh, vui l\u00f2ng li\u00ean h\u1ec7 c\u00f4ng ty \u00c1nh Sinh M\u1ecf \u0111\u00e1 S\u01a1n Tri\u1ec1u QL 19, \u0110\u01b0\u1eddng Bi\u00ean C\u01b0\u01a1ng, KV T\u00e2n H\u00f2a, Ph\u01b0\u1eddng Nh\u01a1n H\u00f2a, TX. An Nh\u01a1n, T\u1ec9nh B\u00ecnh \u0110\u1ecbnh 091 5850 666 &#8211; 0984 440 140 congtyanhsinh2020@gmail.com Nh\u00e0 m\u00e1y \u0111\u00e1 QL 19, \u0110\u01b0\u1eddng Bi\u00ean C\u01b0\u01a1ng, KV T\u00e2n H\u00f2a, Ph\u01b0\u1eddng Nh\u01a1n H\u00f2a, TX. An Nh\u01a1n, T\u1ec9nh B\u00ecnh \u0110\u1ecbnh 091 5850 666 &#8211; 0984 440 140 congtyanhsinh2020@gmail.com Nh\u00e0 m\u00e1y g\u1ea1ch QL 19, \u0110\u01b0\u1eddng Bi\u00ean C\u01b0\u01a1ng, KV T\u00e2n H\u00f2a, Ph\u01b0\u1eddng Nh\u01a1n H\u00f2a, TX. An Nh\u01a1n, T\u1ec9nh B\u00ecnh \u0110\u1ecbnh 091 5850 666 &#8211; 0984 440 140 congtyanhsinh2020@gmail.com H\u00e3y \u0111\u1ec3 l\u1ea1i th\u00f4ng tin cho ch\u00fang t\u00f4i H\u00e3y \u0111\u1ec3 l\u1ea1i th\u00f4ng tin c\u1ee7a b\u1ea1n, ch\u00fang t\u00f4i s\u1ebd li\u00ean h\u1ec7 v\u1edbi b\u1ea1n<\/p>\n","protected":false},"author":1,"featured_media":0,"parent":0,"menu_order":0,"comment_status":"closed","ping_status":"closed","template":"","meta":[],"yoast_head":"<!-- This site is optimized with the Yoast SEO plugin v15.9.2 - https:\/\/yoast.com\/wordpress\/plugins\/seo\/ -->\n<title>Li\u00ean h\u1ec7 - anhsinhbinhdinh.com.vn<\/title>\n<meta name=\"description\" content=\"C\u00f4ng ty TNHH Khai th\u00e1c \u0111\u00e1 v\u00e0 x\u00e2y d\u1ef1ng \u00c1nh Sinh kinh doanh c\u00e1c l\u0129nh v\u1ef1c khai kho\u00e1ng, ch\u1ebf bi\u1ebfn \u0111\u00e1 d\u0103m x\u00e2y d\u1ef1ng, g\u1ea1ch kh\u00f4ng nung t\u1ea1i B\u00ecnh \u0110\u1ecbnh.\" \/>\n<meta name=\"robots\" content=\"index, follow, max-snippet:-1, max-image-preview:large, max-video-preview:-1\" \/>\n<link rel=\"canonical\" href=\"https:\/\/anhsinhbinhdinh.com.vn\/?page_id=158\" \/>\n<meta property=\"og:locale\" content=\"vi_VN\" \/>\n<meta property=\"og:type\" content=\"article\" \/>\n<meta property=\"og:title\" content=\"Li\u00ean h\u1ec7 - anhsinhbinhdinh.com.vn\" \/>\n<meta property=\"og:description\" content=\"C\u00f4ng ty TNHH Khai th\u00e1c \u0111\u00e1 v\u00e0 x\u00e2y d\u1ef1ng \u00c1nh Sinh kinh doanh c\u00e1c l\u0129nh v\u1ef1c khai kho\u00e1ng, ch\u1ebf bi\u1ebfn \u0111\u00e1 d\u0103m x\u00e2y d\u1ef1ng, g\u1ea1ch kh\u00f4ng nung t\u1ea1i B\u00ecnh \u0110\u1ecbnh.\" \/>\n<meta property=\"og:url\" content=\"https:\/\/anhsinhbinhdinh.com.vn\/?page_id=158\" \/>\n<meta property=\"og:site_name\" content=\"anhsinhbinhdinh.com.vn\" \/>\n<meta property=\"article:modified_time\" content=\"2020-10-06T09:38:32+00:00\" \/>\n<meta property=\"og:image\" content=\"http:\/\/anhsinhbinhdinh.com.vn\/wp-content\/uploads\/2020\/07\/\u1ea3nh-b\u00eca-1.jpg\" \/>\n<meta name=\"twitter:card\" content=\"summary_large_image\" \/>\n<meta name=\"twitter:label1\" content=\"\u01af\u1edbc t\u00ednh th\u1eddi gian \u0111\u1ecdc\">\n\t<meta name=\"twitter:data1\" content=\"1 ph\u00fat\">\n<script type=\"application\/ld+json\" class=\"yoast-schema-graph\">{\"@context\":\"https:\/\/schema.org\",\"@graph\":[{\"@type\":\"WebSite\",\"@id\":\"https:\/\/anhsinhbinhdinh.com.vn\/#website\",\"url\":\"https:\/\/anhsinhbinhdinh.com.vn\/\",\"name\":\"anhsinhbinhdinh.com.vn\",\"description\":\"\\u0110\\u1ed3ng h\\u00e0nh v\\u00e0 ph\\u00e1t tri\\u1ec3n\",\"potentialAction\":[{\"@type\":\"SearchAction\",\"target\":\"https:\/\/anhsinhbinhdinh.com.vn\/?s={search_term_string}\",\"query-input\":\"required name=search_term_string\"}],\"inLanguage\":\"vi\"},{\"@type\":\"ImageObject\",\"@id\":\"https:\/\/anhsinhbinhdinh.com.vn\/?page_id=158#primaryimage\",\"inLanguage\":\"vi\",\"url\":\"http:\/\/anhsinhbinhdinh.com.vn\/wp-content\/uploads\/2020\/07\/\\u1ea3nh-b\\u00eca-1.jpg\"},{\"@type\":\"WebPage\",\"@id\":\"https:\/\/anhsinhbinhdinh.com.vn\/?page_id=158#webpage\",\"url\":\"https:\/\/anhsinhbinhdinh.com.vn\/?page_id=158\",\"name\":\"Li\\u00ean h\\u1ec7 - anhsinhbinhdinh.com.vn\",\"isPartOf\":{\"@id\":\"https:\/\/anhsinhbinhdinh.com.vn\/#website\"},\"primaryImageOfPage\":{\"@id\":\"https:\/\/anhsinhbinhdinh.com.vn\/?page_id=158#primaryimage\"},\"datePublished\":\"2020-07-20T07:21:18+00:00\",\"dateModified\":\"2020-10-06T09:38:32+00:00\",\"description\":\"C\\u00f4ng ty TNHH Khai th\\u00e1c \\u0111\\u00e1 v\\u00e0 x\\u00e2y d\\u1ef1ng \\u00c1nh Sinh kinh doanh c\\u00e1c l\\u0129nh v\\u1ef1c khai kho\\u00e1ng, ch\\u1ebf bi\\u1ebfn \\u0111\\u00e1 d\\u0103m x\\u00e2y d\\u1ef1ng, g\\u1ea1ch kh\\u00f4ng nung t\\u1ea1i B\\u00ecnh \\u0110\\u1ecbnh.\",\"breadcrumb\":{\"@id\":\"https:\/\/anhsinhbinhdinh.com.vn\/?page_id=158#breadcrumb\"},\"inLanguage\":\"vi\",\"potentialAction\":[{\"@type\":\"ReadAction\",\"target\":[\"https:\/\/anhsinhbinhdinh.com.vn\/?page_id=158\"]}]},{\"@type\":\"BreadcrumbList\",\"@id\":\"https:\/\/anhsinhbinhdinh.com.vn\/?page_id=158#breadcrumb\",\"itemListElement\":[{\"@type\":\"ListItem\",\"position\":1,\"item\":{\"@type\":\"WebPage\",\"@id\":\"https:\/\/anhsinhbinhdinh.com.vn\/\",\"url\":\"https:\/\/anhsinhbinhdinh.com.vn\/\",\"name\":\"Trang ch\\u1ee7\"}},{\"@type\":\"ListItem\",\"position\":2,\"item\":{\"@type\":\"WebPage\",\"@id\":\"https:\/\/anhsinhbinhdinh.com.vn\/?page_id=158\",\"url\":\"https:\/\/anhsinhbinhdinh.com.vn\/?page_id=158\",\"name\":\"Li\\u00ean h\\u1ec7\"}}]}]}<\/script>\n<!-- \/ Yoast SEO plugin. -->","_links":{"self":[{"href":"https:\/\/anhsinhbinhdinh.com.vn\/index.php?rest_route=\/wp\/v2\/pages\/158"}],"collection":[{"href":"https:\/\/anhsinhbinhdinh.com.vn\/index.php?rest_route=\/wp\/v2\/pages"}],"about":[{"href":"https:\/\/anhsinhbinhdinh.com.vn\/index.php?rest_route=\/wp\/v2\/types\/page"}],"author":[{"embeddable":true,"href":"https:\/\/anhsinhbinhdinh.com.vn\/index.php?rest_route=\/wp\/v2\/users\/1"}],"replies":[{"embeddable":true,"href":"https:\/\/anhsinhbinhdinh.com.vn\/index.php?rest_route=%2Fwp%2Fv2%2Fcomments&post=158"}],"version-history":[{"count":17,"href":"https:\/\/anhsinhbinhdinh.com.vn\/index.php?rest_route=\/wp\/v2\/pages\/158\/revisions"}],"predecessor-version":[{"id":832,"href":"https:\/\/anhsinhbinhdinh.com.vn\/index.php?rest_route=\/wp\/v2\/pages\/158\/revisions\/832"}],"wp:attachment":[{"href":"https:\/\/anhsinhbinhdinh.com.vn\/index.php?rest_route=%2Fwp%2Fv2%2Fmedia&parent=158"}],"curies":[{"name":"wp","href":"https:\/\/api.w.org\/{rel}","templated":true}]}}